he prime factors of 51178?
2, 25589
List the prime factors of 5136.
2, 3, 107
List the prime factors of 490.
2, 5, 7
What are the prime factors of 5045?
5, 1009
What are the prime factors of 74734?
2, 11, 43, 79
What are the prime factors of 6008?
2, 751
List the prime factors of 300.
2, 3, 5
List the prime factors of 8692.
2, 41, 53
What are the prime factors of 4823?
7, 13, 53
What are the prime factors of 180?
2, 3, 5
List the prime factors of 314.
2, 157
What are the prime factors of 3124?
2, 11, 71
What are the prime factors of 6542?
2, 3271
List the prime factors of 2057.
11, 17
What are the prime factors of 1085?
5, 7, 31
What are the prime factors of 56569?
56569
List the prime factors of 2480.
2, 5, 31
What are the prime factors of 187993?
13, 14461
What are the prime factors of 2823?
3, 941
What are the prime factors of 742?
2, 7, 53
List the prime factors of 1656.
2, 3, 23
What are the prime factors of 115643?
11, 10513
List the prime factors of 10759.
7, 29, 53
List the prime factors of 7395.
3, 5, 17, 29
List the prime factors of 39143.
13, 3011
List the prime factors of 616.
2, 7, 11
List the prime factors of 500.
2, 5
List the prime factors of 7070.
2, 5, 7, 101
What are the prime factors of 1551?
3, 11, 47
What are the prime factors of 664?
2, 83
List the prime factors of 454.
2, 227
List the prime factors of 29885.
5, 43, 139
What are the prime factors of 15022?
2, 7, 29, 37
List the prime factors of 7766.
2, 11, 353
What are the prime factors of 14538?
2, 3, 2423
What are the prime factors of 192?
2, 3
What are the prime factors of 24891?
3, 8297
List the prime factors of 3426.
2, 3, 571
What are the prime factors of 13981?
11, 31, 41
List the prime factors of 5599.
11, 509
List the prime factors of 26768.
2, 7, 239
What are the prime factors of 123086?
2, 61543
List the prime factors of 18406.
2, 9203
What are the prime factors of 64952?
2, 23, 353
What are the prime factors of 17714?
2, 17, 521
What are the prime factors of 85094?
2, 157, 271
What are the prime factors of 3226?
2, 1613
List the prime factors of 12074.
2, 6037
What are the prime factors of 3023?
3023
List the prime factors of 448.
2, 7
What are the prime factors of 65022?
2, 3, 10837
What are the prime factors of 1922?
2, 31
What are the prime factors of 41445?
3, 5, 307
What are the prime factors of 2460?
2, 3, 5, 41
List the prime factors of 2091.
3, 17, 41
What are the prime factors of 6801?
3, 2267
What are the prime factors of 65505?
3, 5, 11, 397
What are the prime factors of 9554?
2, 17, 281
What are the prime factors of 20096?
2, 157
What are the prime factors of 2079?
3, 7, 11
List the prime factors of 4078.
2, 2039
What are the prime factors of 987?
3, 7, 47
What are the prime factors of 7332?
2, 3, 13, 47
List the prime factors of 56275.
5, 2251
What are the prime factors of 4268?
2, 11, 97
What are the prime factors of 19885?
5, 41, 97
List the prime factors of 35083.
35083
List the prime factors of 9299.
17, 547
List the prime factors of 3731.
7, 13, 41
List the prime factors of 3555.
3, 5, 79
List the prime factors of 74413.
74413
List the prime factors of 366.
2, 3, 61
List the prime factors of 5619.
3, 1873
What are the prime factors of 46696?
2, 13, 449
List the prime factors of 210487.
210487
What are the prime factors of 24873?
3, 8291
List the prime factors of 13086.
2, 3, 727
What are the prime factors of 6278?
2, 43, 73
What are the prime factors of 12591?
3, 1399
What are the prime factors of 7590?
2, 3, 5, 11, 23
List the prime factors of 22031.
22031
List the prime factors of 13770.
2, 3, 5, 17
List the prime factors of 49745.
5, 9949
What are the prime factors of 826?
2, 7, 59
What are the prime factors of 3307?
3307
List the prime factors of 30338.
2, 7, 11, 197
List the prime factors of 25618.
2, 12809
What are the prime factors of 29568?
2, 3, 7, 11
List the prime factors of 1838.
2, 919
List the prime factors of 1969.
11, 179
What are the prime factors of 58502?
2, 29251
What are the prime factors of 902?
2, 11, 41
What are the prime factors of 60068?
2, 15017
What are the prime factors of 2380?
2, 5, 7, 17
What are the prime factors of 88966?
2, 44483
List the prime factors of 55012.
2, 17, 809
List the prime factors of 630.
2, 3, 5, 7
What are the prime factors of 83618?
2, 41809
What are the prime factors of 30750?
2, 3, 5, 41
List the prime factors of 1982.
2, 991
List the prime factors of 7396.
2, 43
List the prime factors of 13497.
3, 11, 409
List the prime factors of 7833.
3, 7, 373
What are the prime factors of 2455?
5, 491
What are the prime factors of 1768?
2, 13, 17
List the prime factors of 2259.
3, 251
What are the prime factors of 4155?
3, 5, 277
What are the prime factors of 19374?
2, 3, 3229
List the prime factors of 3988.
2, 997
List the prime factors of 575.
5, 23
What are the prime factors of 9475?
5, 379
List the prime factors of 11820.
2, 3, 5, 197
List the prime factors of 687.
3, 229
What are the prime factors of 50403?
3, 53, 317
What are the prime factors of 112783?
11, 10253
What are the prime factors of 2842?
2, 7, 29
What are the prime factors of 1795?
5, 359
What are the prime factors of 6370?
2, 5, 7, 13
What are the prime factors of 14529?
3, 29, 167
What are the prime factors of 60978?
2, 3, 10163
What are the prime factors of 26305?
5, 5261
What are the prime factors of 1418?
2, 709
List the prime factors of 9413.
9413
What are the prime factors of 60067?
7, 8581
List the prime factors of 4626.
2, 3, 257
List the prime factors of 18243.
3, 2027
What are the prime factors of 917?
7, 131
List the prime factors of 33793.
47, 719
List the prime factors of 46253.
23, 2011
List the prime factors of 1974.
2, 3, 7, 47
What are the prime factors of 35654?
2, 17827
What are the prime factors of 305?
5, 61
List the prime factors of 2230.
2, 5, 223
What are the prime factors of 14013?
3, 173
What are the prime factors of 1175?
5, 47
List the prime factors of 872.
2, 109
What are the prime factors of 83292?
2, 3, 11, 631
List the prime factors of 1927.
41, 47
List the prime factors of 2125.
5, 17
List the prime factors of 3491.
3491
List the prime factors of 2256.
2, 3, 47
List the prime factors of 52794.
2, 3, 7, 419
What are the prime factors of 6291?
3, 233
List the prime factors of 1564.
2, 17, 23
List the prime factors of 1055.
5, 211
List the prime factors of 2335.
5, 467
List the prime factors of 3301.
3301
What are the prime factors of 39835?
5, 31, 257
What are the prime factors of 108077?
23, 37, 127
What are the prime factors of 1901?
1901
What are the prime factors of 3160?
2, 5, 79
List the prime factors of 3366.
2, 3, 11, 17
What are the prime factors of 2614?
2, 1307
List the prime factors of 932.
2, 233
List the prime factors of 126.
2, 3, 7
List the prime factors of 5525.
5, 13, 17
What are the prime factors of 45491?
45491
List the prime factors of 52.
2, 13
What are the prime factors of 3215?
5, 643
What are the prime factors of 45019?
13, 3463
What are the prime factors of 2574?
2, 3, 11, 13
List the prime factors of 14488.
2, 1811
What are the prime factors of 740?
2, 5, 37
List the prime factors of 33251.
41, 811
List the prime factors of 30202.
2, 15101
What are the prime factors of 19184?
2, 11, 109
What are the prime factors of 2125?
5, 17
What are the prime factors of 84823?
271, 313
List the prime factors of 112937.
11, 10267
What are the prime factors of 251?
251
What are the prime factors of 4178?
2, 2089
What are the prime factors of 675?
3, 5
List the prime factors of 3878.
2, 7, 277
List the prime factors of 4690.
2, 5, 7, 67
What are the prime factors of 1690?
2, 5, 13
List the prime factors of 289.
17
List the prime factors of 3495.
3, 5, 233
List the prime factors of 43064.
2, 7, 769
What are the prime factors of 55297?
11, 457
What are the prime factors of 3069?
3, 11, 31
What are the prime factors of 244?
2, 61
What are the prime factors of 1103?
1103
List the prime factors of 19122.
2, 3, 3187
List the prime factors of 5698.
2, 7, 11, 37
What are the prime factors of 12392?
2, 1549
What are the prime factors of 8739?
3, 971
What are the prime factors of 59769?
3, 29, 229
List the prime factors of 2322.
2, 3, 43
What are the prime factors of 9080?
2, 5, 227
List the p